 -1?
-63153
In base 16, what is -1247b + d?
-1246e
In base 9, what is -182676 + -7?
-182684
In base 9, what is 1147203 + 5?
1147208
In base 13, what is -1a4 - 44?
-218
In base 15, what is 3 + 11e?
122
In base 12, what is -4266 + 4?
-4262
In base 9, what is -1 + -644733?
-644734
In base 11, what is -a7187 + 1?
-a7186
In base 6, what is -5 - 22522?
-22531
In base 8, what is 40442 - -3?
40445
In base 14, what is 15 + -d82?
-d6b
In base 4, what is -10 - 1131001?
-1131011
In base 14, what is -13869 + 0?
-13869
In base 9, what is 138632 - -4?
138636
In base 15, what is e - 4d5?
-4c6
In base 7, what is 4 + 1061030?
1061034
In base 9, what is -10057315 - 1?
-10057316
In base 15, what is -86a1d - -3?
-86a1a
In base 4, what is 1011030 + 101?
1011131
In base 15, what is -2a2116 + 1?
-2a2115
In base 12, what is -38875 - 11?
-38886
In base 10, what is -192316 - -4?
-192312
In base 7, what is -262 + 23263?
23001
In base 2, what is 11 + 10001000011001?
10001000011100
In base 15, what is -5 - -19837?
19832
In base 15, what is 12974 + -3?
12971
In base 8, what is 67 - 205?
-116
In base 10, what is -26 + -483?
-509
In base 11, what is 1579 - -15?
1593
In base 4, what is -1030 - 102310?
-110000
In base 7, what is 541351 + 4?
541355
In base 14, what is -7166b6 + 5?
-7166b1
In base 6, what is -4 - -2451554?
2451550
In base 12, what is 108 + -1b70?
-1a64
In base 2, what is -1000 - 1010010010001000000?
-1010010010001001000
In base 3, what is -2102220 + 20?
-2102200
In base 14, what is 1d - -38a1?
38c0
In base 7, what is -10 - -1203?
1163
In base 8, what is 36 - 21641?
-21603
In base 8, what is 7 + 7343?
7352
In base 2, what is -10100111101000010 - -101?
-10100111100111101
In base 10, what is 5575 - -12?
5587
In base 4, what is 3322 - -1120331?
1130313
In base 12, what is -3b56 - -2?
-3b54
In base 9, what is -33875 + 0?
-33875
In base 16, what is -11 - e17?
-e28
In base 15, what is -25c + 12c?
-130
In base 15, what is b - -539?
545
In base 13, what is 164 - -30?
194
In base 8, what is 44 - 55?
-11
In base 16, what is -521657 - 1?
-521658
In base 4, what is 0 + 323321112?
323321112
In base 7, what is -36145 - 3?
-36151
In base 11, what is -6706a2 - 2?
-6706a4
In base 14, what is -1ca0 - 51?
-1d11
In base 9, what is -37417 - 6?
-37424
In base 12, what is 0 - 904b?
-904b
In base 16, what is 0 - -89561?
89561
In base 2, what is 1100000000110 - 11?
1100000000011
In base 2, what is 1001 - 11000000110110?
-11000000101101
In base 16, what is -316 - 25e?
-574
In base 13, what is -18451 + 2?
-1844c
In base 11, what is 386 - 98?
299
In base 9, what is 7108 - 11?
7087
In base 9, what is -644 + -4488?
-5243
In base 15, what is -30d52 + 1?
-30d51
In base 12, what is 3 - 562a?
-5627
In base 12, what is 442 + -28?
416
In base 13, what is 2 + -a27?
-a25
In base 14, what is -18255 + 38?
-1821b
In base 2, what is -100101111 - -10011000?
-10010111
In base 3, what is -11200201102 - 0?
-11200201102
In base 15, what is 4a66 - 4?
4a62
In base 14, what is 605 + -94?
551
In base 8, what is 4557 - -344?
5123
In base 12, what is -75 - -519?
464
In base 11, what is -115 - -8991?
8877
In base 13, what is 6 + 16a36?
16a3c
In base 16, what is -285 + -d1?
-356
In base 14, what is -3094 - -53?
-3041
In base 14, what is 2 - 23741?
-2373d
In base 15, what is e9967 + 1?
e9968
In base 12, what is 58535 + 5?
5853a
In base 2, what is 111001100101010 - 111?
111001100100011
In base 5, what is 0 - 123413?
-123413
In base 15, what is -e42d3 + 4?
-e42ce
In base 8, what is 4 - -33752?
33756
In base 13, what is -16680 - -3?
-1667a
In base 3, what is -1012120 + 11021?
-1001022
In base 4, what is 1212232231 + 11?
1212232302
In base 7, what is 5 - -152320?
152325
In base 6, what is -103312 - -10?
-103302
In base 15, what is -84e560 + 0?
-84e560
In base 12, what is 44 + -6a8?
-664
In base 14, what is -8d0 - -38?
-896
In base 12, what is a + -111306?
-1112b8
In base 11, what is 1250 + 13a?
138a
In base 12, what is -15 + -116?
-12b
In base 12, what is -23a4b - 16?
-23a65
In base 15, what is 3246 + 1?
3247
In base 13, what is -1aa + -6c?
-249
In base 7, what is 3641 - -1041?
5012
In base 12, what is -1 - -55a?
559
In base 8, what is -5 + 1547551?
1547544
In base 5, what is 0 - -1204034?
1204034
In base 11, what is 86173 + -1?
86172
In base 4, what is -131022 - 12?
-131100
In base 7, what is -26646 + 22?
-26624
In base 2, what is 101010010000 + 10010?
101010100010
In base 5, what is 4 + 123313?
123322
In base 3, what is 1000001 + 12220221?
20220222
In base 5, what is 13131320 + -4?
13131311
In base 2, what is 0 - 10101111011000?
-10101111011000
In base 16, what is 4039c - -2?
4039e
In base 12, what is -15 - 3998?
-39b1
In base 15, what is 158a + -47?
1543
In base 4, what is 0 + -3210301?
-3210301
In base 7, what is 4 - -35301?
35305
In base 8, what is 324016 - -25?
324043
In base 9, what is -4 - -6752?
6747
In base 5, what is 414330 + -4?
414321
In base 11, what is -8176 - 221?
-8397
In base 16, what is b - 146c4?
-146b9
In base 6, what is -5 - 5553142?
-5553151
In base 6, what is 2411304 + -2?
2411302
In base 16, what is -5 - aa7b7?
-aa7bc
In base 12, what is -17b663 - 5?
-17b668
In base 11, what is -2 + 182612?
182610
In base 14, what is -404b + 2?
-4049
In base 5, what is 224340 - -11421?
241311
In base 10, what is 467 - -2233?
2700
In base 14, what is 127 - -85?
1ac
In base 15, what is -b - 3b28?
-3b34
In base 6, what is 4 + 4502230?
4502234
In base 4, what is -1300031332 - 1?
-1300031333
In base 8, what is 1 - 133626?
-133625
In base 11, what is 12 - -399468?
39947a
In base 8, what is 13 - -71135?
71150
In base 2, what is -10010001001000 + 11000?
-10010000110000
In base 16, what is -f - -1026?
1017
In base 10, what is -9521 + 3?
-9518
In base 5, what is -230 + -10232?
-11012
In base 7, what is -55453 - 2?
-55455
In base 11, what is -1 + 38634?
38633
In base 8, what is -6763 + -1?
-6764
In base 11, what is -10 - -60a97?
60a87
In base 5, what is -10141 + 30414?
20223
In base 9, what is 36360 + 4?
36364
In base 7, what is 460 + -1133?
-343
In base 12, what is 21 - -2011?
2032
In base 8, what is 242414 - 4?
242410
In base 5, what is -30133204 + -4?
-30133213
In base 7, what is -1016 + 1?
-1015
In base 14, what is -c275 + -1?
-c276
In base 13, what is 3926 - 2?
3924
In base 15, what is 39 - 112d?
-10e4
In base 8, what is 14 + 34120?
34134
In base 2, what is -100 + 10011100111111010101?
10011100111111010001
In base 13, what is 75 + 8932?
89a7
In base 11, what is 4a8 - -3659?
4056
In base 10, what is 0 - 9560?
-9560
In base 3, what is 12222010 - -1010?
20000020
In base 15, what is 1 + -49d41?
-49d40
In base 7, what is -13610 + -516?
-14426
In base 4, what is 1013031 - 2033?
1010332
In base 12, what is -214 - 20a?
-422
In base 12, what is -64b + 15?
-636
In base 12, what is -54a37 + 6?
-54a31
In base 13, what is b7 + 98?
182
In base 7, what is 0 - 1520542?
-1520542
In base 11, what is -194 + -49a?
-683
In base 6, what is -202224 - 5?
-202233
In base 5, what is 224021 + 1?
224022
In base 8, what is 122105 - -24?
122131
In base 7, what is 36 - -6621?
6660
In base 14, what is a5 + -5c?
47
In base 14, what is 958 + bc?
a36
In base 3, what is -12 + 100122?
100110
In base 6, what is 443 + 121?
1004
In base 3, what is -220000 + 10022?
-202201
In base 14, what is 50 + -4c5?
-475
In base 12, what is -17ab6b - a?
-17ab79
In base 8, what is 16311 + -56?
16233
In base 11, what is 84102 - -4?
84106
In base 10, what is -4 + -204358?
-204362
In base 11, what is 1 - 5835?
-5834
In base 14, what is 156a - b?
155d
In base 4, what is -1 - 210013113?
-210013120
In base 10, what is -509059 + -3?
-509062
In base 9, what is 3116 + -20?
3086
In base 8, what is 47212 - -5?
47217
In base 10, what is -3 + 16599?
16596
In base 9, what is 248 + 3018?
3267
In base 2, what is -1111000011010 - 11001011?
-1111011100101
In base 7, what is -1422 - 1543?
-3265
In base 10, what is 1836358 + 5?
1836363
In base 15, what is -26b4e - -4?
-26b4a
In base 8, what is -12 + -377551?
-377563
In base 2, what is -101010011 - 10001001111111?
-10001111010010
In base 9, what is -1016 - 157?
-1174
In base 15, what is -4a - -90b?
8b1
In base 5, what is -14 + -333240?
-333304
In base 9, what is -1366 + 406?
-860
In base 14, what is -43d7 - -c?
-43c9
In base 15, what is -1e